62c7ac + 3?
c062c7b2
In base 10, what is -29966767 - -4?
-29966763
In base 15, what is 7ebb67 - -18?
7ebb80
In base 12, what is -7a5b0 + 41?
-7a56b
In base 14, what is 49ba6 - 287?
4991d
In base 15, what is -5288 + b?
-527c
In base 10, what is 855 + -7951?
-7096
In base 12, what is -6603 - -1a4?
-641b
In base 6, what is -20 - 12013132?
-12013152
In base 9, what is -1 + -243534840?
-243534841
In base 10, what is -46 + 1078839?
1078793
In base 3, what is -121202020 - 102020110?
-1000222200
In base 4, what is 21320002100 + 10?
21320002110
In base 4, what is -10203 - 213023001?
-213033210
In base 9, what is 145 + 3421?
3566
In base 15, what is -15b7 + -b1?
-1678
In base 16, what is -6313 - 1454?
-7767
In base 13, what is 4b086 - -166?
4b21c
In base 11, what is 259 - -1659a3?
166151
In base 2, what is -1111011010011010110 - -100100101?
-1111011001110110001
In base 12, what is -168 + -10a30?
-10b98
In base 11, what is -4 + 3652960?
3652957
In base 8, what is -7 - -1230036?
1230027
In base 14, what is -d5a9a - -1?
-d5a99
In base 11, what is 3 + -30906375?
-30906372
In base 2, what is 101 + 101111000111011110100?
101111000111011111001
In base 2, what is -101110001110 + -111011010111000?
-1000001001000110
In base 16, what is -5b7f + -32b?
-5eaa
In base 5, what is 31 + 10122401?
10122432
In base 9, what is -10 + -57542?
-57552
In base 15, what is 2065 + 4089?
60ee
In base 6, what is 24304133 - 205?
24303524
In base 13, what is -540 - -87?
-486
In base 7, what is 10222502 + -302?
10222200
In base 8, what is -36204 - -3204?
-33000
In base 7, what is -34 + 33436145?
33436111
In base 16, what is -10df9d - 6c?
-10e009
In base 2, what is 10010101101001 + -10000100111?
10000101000010
In base 5, what is 141303 + -301424?
-110121
In base 13, what is 4 - -47585648?
4758564c
In base 13, what is 33542 + 65?
335a7
In base 10, what is -266 - -76914?
76648
In base 4, what is -20013333023 + 23?
-20013333000
In base 11, what is 2 + 4437882?
4437884
In base 16, what is -36 - 2fe64f?
-2fe685
In base 5, what is -1123303320 + 12?
-1123303303
In base 14, what is -45d + -10038?
-10497
In base 15, what is 2d5dd + 602?
2dbe0
In base 11, what is 532094 + 6?
53209a
In base 16, what is b + -113cce?
-113cc3
In base 15, what is 23e - -2eb1?
3200
In base 11, what is -8620aa - -a?
-8620a0
In base 6, what is -4054112110 - 3?
-4054112113
In base 3, what is 210222112 - 1120210?
202101202
In base 4, what is -100 + 21200030011?
21200023311
In base 7, what is 50450 + 155?
50635
In base 4, what is -120001113301020 - -11?
-120001113301003
In base 10, what is 0 - 293337657?
-293337657
In base 15, what is 5c8c87 - 3?
5c8c84
In base 3, what is 12 + 20101001212021010?
20101001212021022
In base 7, what is 4 - 11350415?
-11350411
In base 9, what is -435422 - 1533?
-437055
In base 6, what is 553 - 445411?
-444414
In base 3, what is -20012102000 + 222012?
-20011102211
In base 2, what is -1101111101000001 - -1100011101?
-1101110000100100
In base 6, what is 12421 + 2003512?
2020333
In base 2, what is 11000011111010101010 + -11?
11000011111010100111
In base 10, what is -326964 + 27?
-326937
In base 4, what is -1 + 30113101202?
30113101201
In base 16, what is -842e4c - -6?
-842e46
In base 5, what is 30 + 201401443222?
201401443302
In base 15, what is 7340 + -3167?
41c8
In base 14, what is 514c24b0 - 0?
514c24b0
In base 10, what is -606613 - 9?
-606622
In base 3, what is -100220 + -20121200002?
-20122000222
In base 6, what is -4411043 + -1123?
-4412210
In base 2, what is -11001010000010100 - 100010101?
-11001010100101001
In base 11, what is 437a - -8941?
12210
In base 15, what is -e - 4838499?
-48384a8
In base 10, what is 29067 - 931?
28136
In base 5, what is -1320043434 + -222?
-1320044211
In base 16, what is 65 + 2a220e?
2a2273
In base 2, what is -111010110101 + -1011100110110111?
-1100100001101100
In base 10, what is -749715446 - 4?
-749715450
In base 3, what is -101 - -1010010101221210?
1010010101221102
In base 4, what is -303033 + 123100210?
122131111
In base 2, what is -11101001100011100100010 - 11?
-11101001100011100100101
In base 4, what is 202031022 + 13?
202031101
In base 15, what is -171d4 - 57?
-1723b
In base 11, what is -4 - 32773185?
-32773189
In base 12, what is -1aa191ba5 + -1?
-1aa191ba6
In base 15, what is 1 + 37c072?
37c073
In base 6, what is -24501130 + -40?
-24501210
In base 4, what is 21222 + 10013?
31301
In base 9, what is -58 + -11216463?
-11216532
In base 9, what is 1 - 2252175?
-2252174
In base 7, what is 100 - 2154433?
-2154333
In base 11, what is -a65 + 85327?
84372
In base 8, what is 11 + 15610066?
15610077
In base 15, what is -4 + 163c39e?
163c39a
In base 16, what is 161 - 8fb5?
-8e54
In base 4, what is -2 + -1022031230212?
-1022031230220
In base 7, what is 60252 + 500055?
560340
In base 3, what is -12 + 1101110100202011?
1101110100201222
In base 6, what is -4 + 3313322333?
3313322325
In base 6, what is 24 - -251513455?
251513523
In base 2, what is -10010011101000 - 1001010100110101?
-1011101000011101
In base 15, what is 1 + -7de209?
-7de208
In base 2, what is 111001010101000111 + 1011011?
111001010110100010
In base 16, what is 10 + 2bca2b?
2bca3b
In base 5, what is -2341000441 - 4?
-2341001000
In base 3, what is 221102200 + 2012120120?
10011000020
In base 13, what is -712a75 + -5?
-712a7a
In base 4, what is -1130312 + -1311?
-1132223
In base 4, what is -1112013330230121 - 10?
-1112013330230131
In base 9, what is 576 - -13477?
14164
In base 9, what is -118800823 - -1?
-118800822
In base 10, what is 18 - -581784?
581802
In base 15, what is -2 - 46c498d?
-46c4990
In base 10, what is 4 + -5226844?
-5226840
In base 5, what is 1324114344 + -1?
1324114343
In base 7, what is -4 + -13061525?
-13061532
In base 4, what is 12 - 100323323033?
-100323323021
In base 16, what is -d8 - 1e6200?
-1e62d8
In base 14, what is 6b33d7a + 5?
6b33d81
In base 16, what is -4c - 755c52?
-755c9e
In base 9, what is 2074 - -404388?
406473
In base 5, what is 213 - -4420423144?
4420423412
In base 7, what is -2 + -5432521?
-5432523
In base 14, what is a + 11ab927?
11ab933
In base 9, what is -5 - 116063842?
-116063847
In base 11, what is -1 + -141524985?
-141524986
In base 10, what is -1654442 + -150?
-1654592
In base 11, what is -46a81757 - 7?
-46a81763
In base 7, what is 256530646 + 53?
256531032
In base 16, what is -2a108 - ba?
-2a1c2
In base 10, what is -243146 - -79?
-243067
In base 12, what is 112b5 - -3?
112b8
In base 4, what is -31013121231 - -201?
-31013121030
In base 2, what is 0 - 100010111100001011100011110?
-100010111100001011100011110
In base 10, what is -191 - -103837?
103646
In base 2, what is -110111000000111110101111 + 0?
-110111000000111110101111
In base 5, what is 1234142403 + 21?
1234142424
In base 14, what is 2a + 26278?
262a4
In base 6, what is -24353 + -50123?
-114520
In base 5, what is 1 + -201103300433?
-201103300432
In base 2, what is 11000100 - 110100011111?
-110001011011
In base 6, what is -22445403 - 144?
-22445551
In base 10, what is 3 - -2227508?
2227511
In base 7, what is -2100511141 + 3?
-2100511135
In base 14, what is -370 - -14a31?
146a1
In base 2, what is -10111111010100000 + -100111?
-10111111011000111
In base 10, what is 3763851 + 8?
3763859
In base 3, what is -1 - -10201212211121?
10201212211120
In base 14, what is -5 + 85a69?
85a64
In base 8, what is 353 - -52777?
53352
In base 11, what is 549805 - -1?
549806
In base 5, what is 3 - -44213104221?
44213104224
In base 8, what is 135407503 + -3?
135407500
In base 3, what is -10001210201001111 - 11?
-10001210201001122
In base 9, what is -187688 + 437?
-187251
In base 16, what is 2aab - 9b?
2a10
In base 3, what is 1 + -101200011220101222?
-101200011220101221
In base 9, what is 1665783 - 124?
1665658
In base 8, what is -3 - 1042531?
-1042534
In base 10, what is -42237 + 13?
-42224
In base 7, what is 2631000 + -4111?
2623556
In base 6, what is -105352 + 1250?
-104102
In base 16, what is -1ced6 + -1c0?
-1d096
In base 9, what is -20863618 - -5?
-20863613
In base 4, what is -1 - 21011112311?
-21011112312
In base 12, what is -4383b1 - 5?
-4383b6
In base 10, what is 10210094 - 15?
10210079
In base 3, what is 20121120 - -10010200201?
10101022021
In base 6, what is 215314453 - -1052?
215315545
In base 5, what is -2324322 + 230?
-